{"id":19,"date":"2025-02-24T14:02:29","date_gmt":"2025-02-24T14:02:29","guid":{"rendered":"https:\/\/marpol.niubrands.pl\/?page_id=19"},"modified":"2025-04-01T13:03:19","modified_gmt":"2025-04-01T13:03:19","slug":"fronty","status":"publish","type":"page","link":"https:\/\/fronty-marpol.pl\/index.php\/fronty\/","title":{"rendered":"Fronty lakierowane"},"content":{"rendered":"<section class=\"bde-section-19-100 bde-section\">\n  \n  \n\t\n\n\n\n<div class=\"section-container\"><div class=\"bde-columns-19-101 bde-columns\"><div class=\"bde-column-19-102 bde-column\">\n  \n  \n\t\n\n\n\n<div class=\"bde-image-19-103 bde-image\">\n<figure class=\"breakdance-image breakdance-image--84\">\n\t<div class=\"breakdance-image-container\">\n\t\t<div class=\"breakdance-image-clip\"><img loading=\"lazy\" decoding=\"async\" class=\"breakdance-image-object\" src=\"https:\/\/fronty-marpol.pl\/wp-content\/uploads\/2025\/03\/Marpol_katalog-a4_2022_01-no-name_druk.pdf-image-001.png\" width=\"7000\" height=\"2625\" srcset=\"https:\/\/fronty-marpol.pl\/wp-content\/uploads\/2025\/03\/Marpol_katalog-a4_2022_01-no-name_druk.pdf-image-001.png 7000w, https:\/\/fronty-marpol.pl\/wp-content\/uploads\/2025\/03\/Marpol_katalog-a4_2022_01-no-name_druk.pdf-image-001-300x113.png 300w, https:\/\/fronty-marpol.pl\/wp-content\/uploads\/2025\/03\/Marpol_katalog-a4_2022_01-no-name_druk.pdf-image-001-1024x384.png 1024w, https:\/\/fronty-marpol.pl\/wp-content\/uploads\/2025\/03\/Marpol_katalog-a4_2022_01-no-name_druk.pdf-image-001-768x288.png 768w, https:\/\/fronty-marpol.pl\/wp-content\/uploads\/2025\/03\/Marpol_katalog-a4_2022_01-no-name_druk.pdf-image-001-1536x576.png 1536w, https:\/\/fronty-marpol.pl\/wp-content\/uploads\/2025\/03\/Marpol_katalog-a4_2022_01-no-name_druk.pdf-image-001-2048x768.png 2048w\" sizes=\"auto, (max-width: 7000px) 100vw, 7000px\"><\/div>\n\t<\/div><\/figure>\n\n<\/div>\n<\/div><div class=\"bde-column-19-104 bde-column\">\n  \n  \n\t\n\n\n\n<h2 class=\"bde-heading-19-105 bde-heading\">\nFronty lakierowane Marpol\n<\/h2><div class=\"bde-text-19-106 bde-text\">\nFronty lakierowane to eleganckie i nowoczesne elementy wyko\u0144czeniowe, kt\u00f3re stanowi\u0105 doskona\u0142e dope\u0142nienie ka\u017cdego wn\u0119trza. Proces ich produkcji zaczyna si\u0119 od precyzyjnego przygotowania pod\u0142o\u017ca, kt\u00f3re zapewnia idealn\u0105 g\u0142adko\u015b\u0107 i trwa\u0142o\u015b\u0107. Nast\u0119pnie powierzchnia frontu pokrywana jest specjalistycznym lakierem, kt\u00f3ry nie tylko nadaje estetyczny wygl\u0105d, ale tak\u017ce chroni przed uszkodzeniami mechanicznymi i chemicznymi. <br><br>Lakierowanie odbywa si\u0119 w kilku etapach, zapewniaj\u0105c r\u00f3wnomiern\u0105 pow\u0142ok\u0119 i g\u0142\u0119boki po\u0142ysk lub matowe wyko\u0144czenie, zgodnie z preferencjami klienta. Ca\u0142y proces wymaga zaawansowanej technologii i staranno\u015bci, aby efekt ko\u0144cowy by\u0142 perfekcyjny. Fronty lakierowane to idealne rozwi\u0105zanie dla os\u00f3b poszukuj\u0105cych wysokiej jako\u015bci, funkcjonalnych oraz designerskich produkt\u00f3w do swojego domu.\n<\/div>\n<\/div><\/div><\/div>\n<\/section><section class=\"bde-section-19-109 bde-section\">\n  \n  \n\t\n\n\n\n<div class=\"section-container\"><div class=\"bde-columns-19-110 bde-columns\"><div class=\"bde-column-19-111 bde-column\">\n  \n  \n\t\n\n\n\n<img decoding=\"async\" class=\"bde-image2-19-113 bde-image2\" src=\"https:\/\/fronty-marpol.pl\/wp-content\/uploads\/2025\/03\/4-scaled.jpg\" loading=\"lazy\" srcset=\"https:\/\/fronty-marpol.pl\/wp-content\/uploads\/2025\/03\/4-scaled.jpg 1803w, https:\/\/fronty-marpol.pl\/wp-content\/uploads\/2025\/03\/4-211x300.jpg 211w, https:\/\/fronty-marpol.pl\/wp-content\/uploads\/2025\/03\/4-721x1024.jpg 721w, https:\/\/fronty-marpol.pl\/wp-content\/uploads\/2025\/03\/4-768x1091.jpg 768w, https:\/\/fronty-marpol.pl\/wp-content\/uploads\/2025\/03\/4-1082x1536.jpg 1082w, https:\/\/fronty-marpol.pl\/wp-content\/uploads\/2025\/03\/4-1442x2048.jpg 1442w\" sizes=\"(max-width: 1803px) 100vw, 1803px\">\n<\/div><div class=\"bde-column-19-112 bde-column\">\n  \n  \n\t\n\n\n\n<img decoding=\"async\" class=\"bde-image2-19-114 bde-image2\" src=\"https:\/\/fronty-marpol.pl\/wp-content\/uploads\/2025\/03\/5-scaled.jpg\" loading=\"lazy\" srcset=\"https:\/\/fronty-marpol.pl\/wp-content\/uploads\/2025\/03\/5-scaled.jpg 1825w, https:\/\/fronty-marpol.pl\/wp-content\/uploads\/2025\/03\/5-214x300.jpg 214w, https:\/\/fronty-marpol.pl\/wp-content\/uploads\/2025\/03\/5-730x1024.jpg 730w, https:\/\/fronty-marpol.pl\/wp-content\/uploads\/2025\/03\/5-768x1077.jpg 768w, https:\/\/fronty-marpol.pl\/wp-content\/uploads\/2025\/03\/5-1095x1536.jpg 1095w, https:\/\/fronty-marpol.pl\/wp-content\/uploads\/2025\/03\/5-1460x2048.jpg 1460w\" sizes=\"(max-width: 1825px) 100vw, 1825px\">\n<\/div><\/div><div class=\"bde-columns-19-115 bde-columns\"><div class=\"bde-column-19-116 bde-column\">\n  \n  \n\t\n\n\n\n<img decoding=\"async\" class=\"bde-image2-19-117 bde-image2\" src=\"https:\/\/fronty-marpol.pl\/wp-content\/uploads\/2025\/03\/7-scaled.jpg\" loading=\"lazy\" srcset=\"https:\/\/fronty-marpol.pl\/wp-content\/uploads\/2025\/03\/7-scaled.jpg 1803w, https:\/\/fronty-marpol.pl\/wp-content\/uploads\/2025\/03\/7-211x300.jpg 211w, https:\/\/fronty-marpol.pl\/wp-content\/uploads\/2025\/03\/7-721x1024.jpg 721w, https:\/\/fronty-marpol.pl\/wp-content\/uploads\/2025\/03\/7-768x1091.jpg 768w, https:\/\/fronty-marpol.pl\/wp-content\/uploads\/2025\/03\/7-1082x1536.jpg 1082w, https:\/\/fronty-marpol.pl\/wp-content\/uploads\/2025\/03\/7-1442x2048.jpg 1442w\" sizes=\"(max-width: 1803px) 100vw, 1803px\">\n<\/div><div class=\"bde-column-19-118 bde-column\">\n  \n  \n\t\n\n\n\n<img decoding=\"async\" class=\"bde-image2-19-119 bde-image2\" src=\"https:\/\/fronty-marpol.pl\/wp-content\/uploads\/2025\/03\/8-scaled.jpg\" loading=\"lazy\" srcset=\"https:\/\/fronty-marpol.pl\/wp-content\/uploads\/2025\/03\/8-scaled.jpg 1825w, https:\/\/fronty-marpol.pl\/wp-content\/uploads\/2025\/03\/8-214x300.jpg 214w, https:\/\/fronty-marpol.pl\/wp-content\/uploads\/2025\/03\/8-730x1024.jpg 730w, https:\/\/fronty-marpol.pl\/wp-content\/uploads\/2025\/03\/8-768x1077.jpg 768w, https:\/\/fronty-marpol.pl\/wp-content\/uploads\/2025\/03\/8-1095x1536.jpg 1095w, https:\/\/fronty-marpol.pl\/wp-content\/uploads\/2025\/03\/8-1460x2048.jpg 1460w\" sizes=\"(max-width: 1825px) 100vw, 1825px\">\n<\/div><\/div><\/div>\n<\/section><section id=\"bd-fancy-section2\" class=\"bde-section-19-146 bde-section\">\n  \n  \n\t\n\n\n\n<div class=\"section-container\"><div class=\"bde-image-19-147 bde-image\" data-parallax=\"true\">\n<figure class=\"breakdance-image breakdance-image--43\">\n\t<div class=\"breakdance-image-container\">\n\t\t<div class=\"breakdance-image-clip\"><img loading=\"lazy\" decoding=\"async\" class=\"breakdance-image-object\" src=\"https:\/\/fronty-marpol.pl\/wp-content\/uploads\/2025\/02\/471571163_122164015508262253_3145373978775114491_n.jpg\" width=\"1024\" height=\"1024\" srcset=\"https:\/\/fronty-marpol.pl\/wp-content\/uploads\/2025\/02\/471571163_122164015508262253_3145373978775114491_n.jpg 1024w, https:\/\/fronty-marpol.pl\/wp-content\/uploads\/2025\/02\/471571163_122164015508262253_3145373978775114491_n-300x300.jpg 300w, https:\/\/fronty-marpol.pl\/wp-content\/uploads\/2025\/02\/471571163_122164015508262253_3145373978775114491_n-150x150.jpg 150w, https:\/\/fronty-marpol.pl\/wp-content\/uploads\/2025\/02\/471571163_122164015508262253_3145373978775114491_n-768x768.jpg 768w\" sizes=\"auto, (max-width: 1024px) 100vw, 1024px\"><\/div>\n\t<\/div><\/figure>\n\n<\/div><h2 class=\"bde-heading-19-148 bde-heading\">\nMarpol producent front\u00f3w\n<\/h2><div class=\"bde-columns-19-149 bde-columns\"><div class=\"bde-column-19-150 bde-column\">\n  \n  \n\t\n\n\n\n<div class=\"bde-icon-19-151 bde-icon\">\n\n    \n            <div class=\"bde-icon-icon breakdance-icon-atom\" >\n    \n                    <svg xmlns=\"http:\/\/www.w3.org\/2000\/svg\" viewBox=\"0 0 640 512\"><!--! Font Awesome Free 6.5.1 by @fontawesome - https:\/\/fontawesome.com License - https:\/\/fontawesome.com\/license\/free (Icons: CC BY 4.0, Fonts: SIL OFL 1.1, Code: MIT License) Copyright 2023 Fonticons, Inc. --><path d=\"M323.4 85.2l-96.8 78.4c-16.1 13-19.2 36.4-7 53.1c12.9 17.8 38 21.3 55.3 7.8l99.3-77.2c7-5.4 17-4.2 22.5 2.8s4.2 17-2.8 22.5l-20.9 16.2L550.2 352H592c26.5 0 48-21.5 48-48V176c0-26.5-21.5-48-48-48H516h-4-.7l-3.9-2.5L434.8 79c-15.3-9.8-33.2-15-51.4-15c-21.8 0-43 7.5-60 21.2zm22.8 124.4l-51.7 40.2C263 274.4 217.3 268 193.7 235.6c-22.2-30.5-16.6-73.1 12.7-96.8l83.2-67.3c-11.6-4.9-24.1-7.4-36.8-7.4C234 64 215.7 69.6 200 80l-72 48H48c-26.5 0-48 21.5-48 48V304c0 26.5 21.5 48 48 48H156.2l91.4 83.4c19.6 17.9 49.9 16.5 67.8-3.1c5.5-6.1 9.2-13.2 11.1-20.6l17 15.6c19.5 17.9 49.9 16.6 67.8-2.9c4.5-4.9 7.8-10.6 9.9-16.5c19.4 13 45.8 10.3 62.1-7.5c17.9-19.5 16.6-49.9-2.9-67.8l-134.2-123z\"\/><\/svg>\n        \n        \n        \n            <\/div>\n    \n\n\n<\/div><h3 class=\"bde-heading-19-152 bde-heading\">\nJeste\u015b zainteresowany nasz\u0105 ofert\u0105?\n<\/h3><div class=\"bde-text-19-153 bde-text\">\nZapraszamy do kontaktu\n<\/div><div class=\"bde-button-19-154 bde-button\">\n        \n    \n    \n    \n    \n            \n                    \n            \n            \n\n    \n    \n    \n    \n    \n    <a class=\"breakdance-link button-atom button-atom--custom bde-button__button\" href=\"tel:505508542\" target=\"_self\" data-type=\"contact\"  >\n\n    \n        <span class=\"button-atom__text\">Zadzwo\u0144<\/span>\n\n        \n        \n                <\/a>\n\n    \n\n\n<\/div>\n<\/div><div class=\"bde-column-19-155 bde-column\">\n  \n  \n\t\n\n\n\n<div class=\"bde-icon-19-156 bde-icon\">\n\n    \n            <div class=\"bde-icon-icon breakdance-icon-atom\" >\n    \n                    <svg xmlns=\"http:\/\/www.w3.org\/2000\/svg\" viewBox=\"0 0 384 512\"><!--! Font Awesome Free 6.5.1 by @fontawesome - https:\/\/fontawesome.com License - https:\/\/fontawesome.com\/license\/free (Icons: CC BY 4.0, Fonts: SIL OFL 1.1, Code: MIT License) Copyright 2023 Fonticons, Inc. --><path d=\"M64 0C28.7 0 0 28.7 0 64V448c0 35.3 28.7 64 64 64H320c35.3 0 64-28.7 64-64V160H256c-17.7 0-32-14.3-32-32V0H64zM256 0V128H384L256 0zM216 232V334.1l31-31c9.4-9.4 24.6-9.4 33.9 0s9.4 24.6 0 33.9l-72 72c-9.4 9.4-24.6 9.4-33.9 0l-72-72c-9.4-9.4-9.4-24.6 0-33.9s24.6-9.4 33.9 0l31 31V232c0-13.3 10.7-24 24-24s24 10.7 24 24z\"\/><\/svg>\n        \n        \n        \n            <\/div>\n    \n\n\n<\/div><h3 class=\"bde-heading-19-157 bde-heading\">\nZobacz nasz katalog\n<\/h3><div class=\"bde-text-19-158 bde-text\">\nPobierz lub przegl\u0105daj on-line nasz katalog w formacie pdf.\n<\/div><div class=\"bde-button-19-159 bde-button\">\n        \n    \n    \n    \n    \n            \n                    \n            \n            \n\n    \n    \n    \n    \n    \n    <a class=\"breakdance-link button-atom button-atom--custom bde-button__button\" href=\"https:\/\/fronty-marpol.pl\/index.php\/katalog\/\" target=\"_self\" data-type=\"url\"  >\n\n    \n        <span class=\"button-atom__text\">Otw\u00f3rz PDF<\/span>\n\n        \n        \n                <\/a>\n\n    \n\n\n<\/div>\n<\/div><\/div><\/div>\n<\/section>","protected":false},"excerpt":{"rendered":"<p>Fronty lakierowane Marpol Fronty lakierowane to eleganckie i nowoczesne elementy wyko\u0144czeniowe, kt\u00f3re stanowi\u0105 doskona\u0142e dope\u0142nienie ka\u017cdego wn\u0119trza. Proces ich produkcji zaczyna si\u0119 od precyzyjnego przygotowania pod\u0142o\u017ca, kt\u00f3re zapewnia idealn\u0105 g\u0142adko\u015b\u0107 i trwa\u0142o\u015b\u0107. Nast\u0119pnie powierzchnia frontu pokrywana jest specjalistycznym lakierem, kt\u00f3ry nie tylko nadaje estetyczny wygl\u0105d, ale tak\u017ce chroni przed uszkodzeniami mechanicznymi i chemicznymi. Lakierowanie odbywa [&hellip;]<\/p>\n","protected":false},"author":1,"featured_media":0,"parent":0,"menu_order":0,"comment_status":"closed","ping_status":"closed","template":"","meta":{"_breakdance_hide_in_design_set":false,"_breakdance_tags":"","footnotes":""},"class_list":["post-19","page","type-page","status-publish","hentry"],"_links":{"self":[{"href":"https:\/\/fronty-marpol.pl\/index.php\/wp-json\/wp\/v2\/pages\/19","targetHints":{"allow":["GET"]}}],"collection":[{"href":"https:\/\/fronty-marpol.pl\/index.php\/wp-json\/wp\/v2\/pages"}],"about":[{"href":"https:\/\/fronty-marpol.pl\/index.php\/wp-json\/wp\/v2\/types\/page"}],"author":[{"embeddable":true,"href":"https:\/\/fronty-marpol.pl\/index.php\/wp-json\/wp\/v2\/users\/1"}],"replies":[{"embeddable":true,"href":"https:\/\/fronty-marpol.pl\/index.php\/wp-json\/wp\/v2\/comments?post=19"}],"version-history":[{"count":16,"href":"https:\/\/fronty-marpol.pl\/index.php\/wp-json\/wp\/v2\/pages\/19\/revisions"}],"predecessor-version":[{"id":173,"href":"https:\/\/fronty-marpol.pl\/index.php\/wp-json\/wp\/v2\/pages\/19\/revisions\/173"}],"wp:attachment":[{"href":"https:\/\/fronty-marpol.pl\/index.php\/wp-json\/wp\/v2\/media?parent=19"}],"curies":[{"name":"wp","href":"https:\/\/api.w.org\/{rel}","templated":true}]}}